{"id":144,"date":"2025-03-03T12:01:30","date_gmt":"2025-03-03T12:01:30","guid":{"rendered":"https:\/\/fleursdefemmes.org\/?page_id=144"},"modified":"2025-11-01T18:04:16","modified_gmt":"2025-11-01T18:04:16","slug":"publications","status":"publish","type":"page","link":"https:\/\/fleursdefemmes.org\/index.php\/publications\/","title":{"rendered":"Nos \u00c9v\u00e8nements"},"content":{"rendered":"\t\t<div data-elementor-type=\"wp-page\" data-elementor-id=\"144\" class=\"elementor elementor-144\" data-elementor-post-type=\"page\">\n\t\t\t\t\t\t<section class=\"elementor-section elementor-top-section elementor-element elementor-element-3cc111c1 elementor-section-height-min-height elementor-section-boxed elementor-section-height-default elementor-section-items-middle\" data-id=\"3cc111c1\" data-element_type=\"section\" data-e-type=\"section\" data-settings=\"{&quot;background_background&quot;:&quot;classic&quot;}\">\n\t\t\t\t\t\t\t<div class=\"elementor-background-overlay\"><\/div>\n\t\t\t\t\t\t\t<div class=\"elementor-container elementor-column-gap-no\">\n\t\t\t\t\t<div class=\"elementor-column elementor-col-100 elementor-top-column elementor-element elementor-element-7c71b784\" data-id=\"7c71b784\" data-element_type=\"column\" data-e-type=\"column\" data-settings=\"{&quot;background_background&quot;:&quot;classic&quot;}\">\n\t\t\t<div class=\"elementor-widget-wrap elementor-element-populated\">\n\t\t\t\t\t\t\t<\/div>\n\t\t<\/div>\n\t\t\t\t\t<\/div>\n\t\t<\/section>\n\t\t\t\t<section class=\"elementor-section elementor-top-section elementor-element elementor-element-787642b0 elementor-section-boxed elementor-section-height-default elementor-section-height-default\" data-id=\"787642b0\" data-element_type=\"section\" data-e-type=\"section\">\n\t\t\t\t\t\t<div class=\"elementor-container elementor-column-gap-no\">\n\t\t\t\t\t<div class=\"elementor-column elementor-col-100 elementor-top-column elementor-element elementor-element-5b04c0dc\" data-id=\"5b04c0dc\" data-element_type=\"column\" data-e-type=\"column\">\n\t\t\t<div class=\"elementor-widget-wrap elementor-element-populated\">\n\t\t\t\t\t\t<section class=\"elementor-section elementor-inner-section elementor-element elementor-element-5e6464e0 elementor-section-boxed elementor-section-height-default elementor-section-height-default\" data-id=\"5e6464e0\" data-element_type=\"section\" data-e-type=\"section\">\n\t\t\t\t\t\t<div class=\"elementor-container elementor-column-gap-no\">\n\t\t\t\t\t<div class=\"elementor-column elementor-col-50 elementor-inner-column elementor-element elementor-element-7787f2de\" data-id=\"7787f2de\" data-element_type=\"column\" data-e-type=\"column\">\n\t\t\t<div class=\"elementor-widget-wrap elementor-element-populated\">\n\t\t\t\t\t\t<div class=\"elementor-element elementor-element-6c4adb42 elementor-widget elementor-widget-heading\" data-id=\"6c4adb42\" data-element_type=\"widget\" data-e-type=\"widget\" data-widget_type=\"heading.default\">\n\t\t\t\t<div class=\"elementor-widget-container\">\n\t\t\t\t\t<h5 class=\"elementor-heading-title elementor-size-default\">Nos \u00c9v\u00e8nements\n<\/h5>\t\t\t\t<\/div>\n\t\t\t\t<\/div>\n\t\t\t\t<div class=\"elementor-element elementor-element-14e029b elementor-widget elementor-widget-heading\" data-id=\"14e029b\" data-element_type=\"widget\" data-e-type=\"widget\" data-widget_type=\"heading.default\">\n\t\t\t\t<div class=\"elementor-widget-container\">\n\t\t\t\t\t<h3 class=\"elementor-heading-title elementor-size-default\">AU PROGRAMME :<\/h3>\t\t\t\t<\/div>\n\t\t\t\t<\/div>\n\t\t\t\t<div class=\"elementor-element elementor-element-eaa1125 elementor-widget elementor-widget-image\" data-id=\"eaa1125\" data-element_type=\"widget\" data-e-type=\"widget\" data-widget_type=\"image.default\">\n\t\t\t\t<div class=\"elementor-widget-container\">\n\t\t\t\t\t\t\t\t\t\t\t\t\t\t\t<img fetchpriority=\"high\" decoding=\"async\" width=\"800\" height=\"1000\" src=\"https:\/\/fleursdefemmes.org\/wp-content\/uploads\/2025\/11\/Flyers-_-RENCONTRE-individuelle-pg1_Page_1-819x1024.jpg\" class=\"attachment-large size-large wp-image-910\" alt=\"\" srcset=\"https:\/\/fleursdefemmes.org\/wp-content\/uploads\/2025\/11\/Flyers-_-RENCONTRE-individuelle-pg1_Page_1-819x1024.jpg 819w, https:\/\/fleursdefemmes.org\/wp-content\/uploads\/2025\/11\/Flyers-_-RENCONTRE-individuelle-pg1_Page_1-240x300.jpg 240w, https:\/\/fleursdefemmes.org\/wp-content\/uploads\/2025\/11\/Flyers-_-RENCONTRE-individuelle-pg1_Page_1-768x960.jpg 768w, https:\/\/fleursdefemmes.org\/wp-content\/uploads\/2025\/11\/Flyers-_-RENCONTRE-individuelle-pg1_Page_1-1229x1536.jpg 1229w, https:\/\/fleursdefemmes.org\/wp-content\/uploads\/2025\/11\/Flyers-_-RENCONTRE-individuelle-pg1_Page_1-1638x2048.jpg 1638w, https:\/\/fleursdefemmes.org\/wp-content\/uploads\/2025\/11\/Flyers-_-RENCONTRE-individuelle-pg1_Page_1-600x750.jpg 600w, https:\/\/fleursdefemmes.org\/wp-content\/uploads\/2025\/11\/Flyers-_-RENCONTRE-individuelle-pg1_Page_1-scaled.jpg 2048w\" sizes=\"(max-width: 800px) 100vw, 800px\" \/>\t\t\t\t\t\t\t\t\t\t\t\t\t\t\t<\/div>\n\t\t\t\t<\/div>\n\t\t\t\t\t<\/div>\n\t\t<\/div>\n\t\t\t\t<div class=\"elementor-column elementor-col-50 elementor-inner-column elementor-element elementor-element-5bdd1a55\" data-id=\"5bdd1a55\" data-element_type=\"column\" data-e-type=\"column\">\n\t\t\t<div class=\"elementor-widget-wrap elementor-element-populated\">\n\t\t\t\t\t\t<div class=\"elementor-element elementor-element-51105a2a elementor-widget elementor-widget-text-editor\" data-id=\"51105a2a\" data-element_type=\"widget\" data-e-type=\"widget\" data-widget_type=\"text-editor.default\">\n\t\t\t\t<div class=\"elementor-widget-container\">\n\t\t\t\t\t\t\t\t\t<p><img decoding=\"async\" class=\"alignnone size-medium wp-image-911\" src=\"https:\/\/fleursdefemmes.org\/wp-content\/uploads\/2025\/11\/Flyers-_-RENCONTRE-individuelle-pg1_Page_2-240x300.jpg\" alt=\"\" width=\"240\" height=\"300\" srcset=\"https:\/\/fleursdefemmes.org\/wp-content\/uploads\/2025\/11\/Flyers-_-RENCONTRE-individuelle-pg1_Page_2-240x300.jpg 240w, https:\/\/fleursdefemmes.org\/wp-content\/uploads\/2025\/11\/Flyers-_-RENCONTRE-individuelle-pg1_Page_2-819x1024.jpg 819w, https:\/\/fleursdefemmes.org\/wp-content\/uploads\/2025\/11\/Flyers-_-RENCONTRE-individuelle-pg1_Page_2-768x960.jpg 768w, https:\/\/fleursdefemmes.org\/wp-content\/uploads\/2025\/11\/Flyers-_-RENCONTRE-individuelle-pg1_Page_2-1229x1536.jpg 1229w, https:\/\/fleursdefemmes.org\/wp-content\/uploads\/2025\/11\/Flyers-_-RENCONTRE-individuelle-pg1_Page_2-1638x2048.jpg 1638w, https:\/\/fleursdefemmes.org\/wp-content\/uploads\/2025\/11\/Flyers-_-RENCONTRE-individuelle-pg1_Page_2-600x750.jpg 600w, https:\/\/fleursdefemmes.org\/wp-content\/uploads\/2025\/11\/Flyers-_-RENCONTRE-individuelle-pg1_Page_2-scaled.jpg 2048w\" sizes=\"(max-width: 240px) 100vw, 240px\" \/><\/p>\t\t\t\t\t\t\t\t<\/div>\n\t\t\t\t<\/div>\n\t\t\t\t\t<\/div>\n\t\t<\/div>\n\t\t\t\t\t<\/div>\n\t\t<\/section>\n\t\t\t\t\t<\/div>\n\t\t<\/div>\n\t\t\t\t\t<\/div>\n\t\t<\/section>\n\t\t\t\t<section class=\"elementor-section elementor-top-section elementor-element elementor-element-cb0b371 elementor-section-boxed elementor-section-height-default elementor-section-height-default\" data-id=\"cb0b371\" data-element_type=\"section\" data-e-type=\"section\">\n\t\t\t\t\t\t<div class=\"elementor-container elementor-column-gap-no\">\n\t\t\t\t\t<div class=\"elementor-column elementor-col-100 elementor-top-column elementor-element elementor-element-74221cc\" data-id=\"74221cc\" data-element_type=\"column\" data-e-type=\"column\">\n\t\t\t<div class=\"elementor-widget-wrap elementor-element-populated\">\n\t\t\t\t\t\t<section class=\"elementor-section elementor-inner-section elementor-element elementor-element-28f0fb2 elementor-section-boxed elementor-section-height-default elementor-section-height-default\" data-id=\"28f0fb2\" data-element_type=\"section\" data-e-type=\"section\">\n\t\t\t\t\t\t<div class=\"elementor-container elementor-column-gap-no\">\n\t\t\t\t\t<div class=\"elementor-column elementor-col-50 elementor-inner-column elementor-element elementor-element-fc6eb14\" data-id=\"fc6eb14\" data-element_type=\"column\" data-e-type=\"column\">\n\t\t\t<div class=\"elementor-widget-wrap elementor-element-populated\">\n\t\t\t\t\t\t<div class=\"elementor-element elementor-element-cd1d463 elementor-widget elementor-widget-heading\" data-id=\"cd1d463\" data-element_type=\"widget\" data-e-type=\"widget\" data-widget_type=\"heading.default\">\n\t\t\t\t<div class=\"elementor-widget-container\">\n\t\t\t\t\t<h3 class=\"elementor-heading-title elementor-size-default\">\ud83d\udce2 Atelier 3 \u2013 \"Communiquer autour de son projet artistique\/entrepreneurial\"<\/h3>\t\t\t\t<\/div>\n\t\t\t\t<\/div>\n\t\t\t\t<div class=\"elementor-element elementor-element-c49be7e elementor-widget elementor-widget-image\" data-id=\"c49be7e\" data-element_type=\"widget\" data-e-type=\"widget\" data-widget_type=\"image.default\">\n\t\t\t\t<div class=\"elementor-widget-container\">\n\t\t\t\t\t\t\t\t\t\t\t\t\t\t\t<img decoding=\"async\" width=\"585\" height=\"524\" src=\"https:\/\/fleursdefemmes.org\/wp-content\/uploads\/2025\/05\/Image14.png\" class=\"attachment-large size-large wp-image-285\" alt=\"\" srcset=\"https:\/\/fleursdefemmes.org\/wp-content\/uploads\/2025\/05\/Image14.png 585w, https:\/\/fleursdefemmes.org\/wp-content\/uploads\/2025\/05\/Image14-300x269.png 300w\" sizes=\"(max-width: 585px) 100vw, 585px\" \/>\t\t\t\t\t\t\t\t\t\t\t\t\t\t\t<\/div>\n\t\t\t\t<\/div>\n\t\t\t\t\t<\/div>\n\t\t<\/div>\n\t\t\t\t<div class=\"elementor-column elementor-col-50 elementor-inner-column elementor-element elementor-element-a950fd4\" data-id=\"a950fd4\" data-element_type=\"column\" data-e-type=\"column\">\n\t\t\t<div class=\"elementor-widget-wrap elementor-element-populated\">\n\t\t\t\t\t\t<div class=\"elementor-element elementor-element-00d37ad elementor-widget elementor-widget-text-editor\" data-id=\"00d37ad\" data-element_type=\"widget\" data-e-type=\"widget\" data-widget_type=\"text-editor.default\">\n\t\t\t\t<div class=\"elementor-widget-container\">\n\t\t\t\t\t\t\t\t\t<p><b><i>\u00a0\ud83d\udcc5 <\/i><\/b><span style=\"font-weight: 400;\">Quand ? Samedi 14 juin, 14h30 &#8211; 17h30<\/span><\/p><p><span style=\"font-weight: 400;\">\u00a0Objectifs : \u00ab Participation \u00e0 Marconi en F\u00eate \u00bb<\/span><\/p><ul><li><span style=\"font-weight: 400;\"> \u00a0 \u00a0 \u00a0 <\/span><span style=\"font-weight: 400;\">R\u00e9fl\u00e9chir \u00e0 l\u2019orientation de son projet : simple passion ou d\u00e9marche entrepreneuriale ?<\/span><\/li><li><span style=\"font-weight: 400;\"> \u00a0 \u00a0 \u00a0 <\/span><span style=\"font-weight: 400;\">Assumer pleinement sa cr\u00e9ativit\u00e9 sans culpabilit\u00e9 ni comparaison.<\/span><\/li><li><span style=\"font-weight: 400;\"> \u00a0 \u00a0 \u00a0 <\/span><span style=\"font-weight: 400;\">D\u00e9velopper une communication authentique en lien avec son histoire de vie.<\/span><\/li><li><span style=\"font-weight: 400;\"> \u00a0 \u00a0 \u00a0 <\/span><span style=\"font-weight: 400;\">Identifier les outils adapt\u00e9s pour partager son art avec impact.<\/span><\/li><li><span style=\"font-weight: 400;\"> \u00a0 \u00a0 \u00a0 <\/span><span style=\"font-weight: 400;\">Relier sa cr\u00e9ativit\u00e9 \u00e0 son contexte culturel et social.<\/span><\/li><\/ul><p><span style=\"font-weight: 400;\">\ud83d\udd0e Comment ? Analyse de cas concrets, exercices de mise en valeur et \u00e9change collectif.<\/span><\/p><p><b><i>\ud83d\udca1 PLUS QUE DE SIMPLES ATELIERS, UNE EXP\u00c9RIENCE UNIQUE !<\/i><\/b><\/p><p><span style=\"font-weight: 400;\">Nos rencontres sont des espaces de partage et de sororit\u00e9, o\u00f9 chaque femme, qu\u2019elle soit novice ou exp\u00e9riment\u00e9e, peut s\u2019\u00e9panouir librement. Aucun niveau requis : seule votre motivation compte !<\/span><\/p><p><span style=\"font-weight: 400;\">Nous mettrons en place des outils personnalis\u00e9s pour permettre \u00e0 chacune de r\u00e9v\u00e9ler son plein potentiel et de trouver sa propre voie.<\/span><\/p><p><span style=\"font-weight: 400;\">\ud83d\udccc Tarif : Gratuit \u2013 Places limit\u00e9es \u00e0 12 participantes.<\/span><\/p><p><span style=\"font-weight: 400;\">\ud83d\udccd Lieu : Maison de Quartier Marconi &#8211;<\/span><a href=\"about:blank\"> <span style=\"font-weight: 400;\">Rue Marconi 37, 1190 Forest<\/span><\/a><span style=\"font-weight: 400;\">\u00a0<\/span><\/p><p><b><i>Inscription obligatoire. En cas d\u2019absence ou d\u2019annulation, merci de nous pr\u00e9venir afin de lib\u00e9rer votre place.<\/i><\/b><\/p><p><b><i>\ud83d\udce9 Infos &amp; inscriptions : <\/i><\/b><a href=\"mailto:fleursdefemmes.bxlbrz@gmail.com\"><span style=\"font-weight: 400;\">fleursdefemmes.bxlbrz@gmail.com<\/span><\/a><span style=\"font-weight: 400;\"> ou au +32 470 63 54 40<\/span><\/p>\t\t\t\t\t\t\t\t<\/div>\n\t\t\t\t<\/div>\n\t\t\t\t\t<\/div>\n\t\t<\/div>\n\t\t\t\t\t<\/div>\n\t\t<\/section>\n\t\t\t\t\t<\/div>\n\t\t<\/div>\n\t\t\t\t\t<\/div>\n\t\t<\/section>\n\t\t\t\t<section class=\"elementor-section elementor-top-section elementor-element elementor-element-19eb963 elementor-section-boxed elementor-section-height-default elementor-section-height-default\" data-id=\"19eb963\" data-element_type=\"section\" data-e-type=\"section\">\n\t\t\t\t\t\t<div class=\"elementor-container elementor-column-gap-no\">\n\t\t\t\t\t<div class=\"elementor-column elementor-col-100 elementor-top-column elementor-element elementor-element-0420d66\" data-id=\"0420d66\" data-element_type=\"column\" data-e-type=\"column\">\n\t\t\t<div class=\"elementor-widget-wrap elementor-element-populated\">\n\t\t\t\t\t\t<section class=\"elementor-section elementor-inner-section elementor-element elementor-element-de840b8 elementor-section-boxed elementor-section-height-default elementor-section-height-default\" data-id=\"de840b8\" data-element_type=\"section\" data-e-type=\"section\">\n\t\t\t\t\t\t<div class=\"elementor-container elementor-column-gap-no\">\n\t\t\t\t\t<div class=\"elementor-column elementor-col-50 elementor-inner-column elementor-element elementor-element-e3f69e7\" data-id=\"e3f69e7\" data-element_type=\"column\" data-e-type=\"column\">\n\t\t\t<div class=\"elementor-widget-wrap elementor-element-populated\">\n\t\t\t\t\t\t<div class=\"elementor-element elementor-element-30f5ee1 elementor-widget elementor-widget-heading\" data-id=\"30f5ee1\" data-element_type=\"widget\" data-e-type=\"widget\" data-widget_type=\"heading.default\">\n\t\t\t\t<div class=\"elementor-widget-container\">\n\t\t\t\t\t<h3 class=\"elementor-heading-title elementor-size-default\">\ud83c\udfad Atelier 2 \u2013 \"Explorer la puissance et le plaisir de cr\u00e9er\"<\/h3>\t\t\t\t<\/div>\n\t\t\t\t<\/div>\n\t\t\t\t<div class=\"elementor-element elementor-element-889cd6b elementor-widget elementor-widget-image\" data-id=\"889cd6b\" data-element_type=\"widget\" data-e-type=\"widget\" data-widget_type=\"image.default\">\n\t\t\t\t<div class=\"elementor-widget-container\">\n\t\t\t\t\t\t\t\t\t\t\t\t\t\t\t<img loading=\"lazy\" decoding=\"async\" width=\"776\" height=\"456\" src=\"https:\/\/fleursdefemmes.org\/wp-content\/uploads\/2025\/05\/Image13.png\" class=\"attachment-large size-large wp-image-284\" alt=\"\" srcset=\"https:\/\/fleursdefemmes.org\/wp-content\/uploads\/2025\/05\/Image13.png 776w, https:\/\/fleursdefemmes.org\/wp-content\/uploads\/2025\/05\/Image13-300x176.png 300w, https:\/\/fleursdefemmes.org\/wp-content\/uploads\/2025\/05\/Image13-768x451.png 768w, https:\/\/fleursdefemmes.org\/wp-content\/uploads\/2025\/05\/Image13-600x353.png 600w\" sizes=\"(max-width: 776px) 100vw, 776px\" \/>\t\t\t\t\t\t\t\t\t\t\t\t\t\t\t<\/div>\n\t\t\t\t<\/div>\n\t\t\t\t\t<\/div>\n\t\t<\/div>\n\t\t\t\t<div class=\"elementor-column elementor-col-50 elementor-inner-column elementor-element elementor-element-d63bfb3\" data-id=\"d63bfb3\" data-element_type=\"column\" data-e-type=\"column\">\n\t\t\t<div class=\"elementor-widget-wrap elementor-element-populated\">\n\t\t\t\t\t\t<div class=\"elementor-element elementor-element-7a86e2d elementor-widget elementor-widget-text-editor\" data-id=\"7a86e2d\" data-element_type=\"widget\" data-e-type=\"widget\" data-widget_type=\"text-editor.default\">\n\t\t\t\t<div class=\"elementor-widget-container\">\n\t\t\t\t\t\t\t\t\t<p><b><i>\u00a0<\/i><\/b><\/p><p><span style=\"font-weight: 400;\">\ud83d\udcc5 Quand ? Samedi 24 mai, 14h30 &#8211; 17h30<\/span><\/p><p><span style=\"font-weight: 400;\">\u00a0Objectifs :<\/span><\/p><ul><li style=\"font-weight: 400;\" aria-level=\"1\"><span style=\"font-weight: 400;\">Identifier et approfondir ses affinit\u00e9s artistiques.<\/span><\/li><li style=\"font-weight: 400;\" aria-level=\"1\"><span style=\"font-weight: 400;\">Structurer son processus cr\u00e9atif et d\u00e9velopper un projet personnel.<\/span><\/li><li style=\"font-weight: 400;\" aria-level=\"1\"><span style=\"font-weight: 400;\">Comprendre les diff\u00e9rentes \u00e9tapes de cr\u00e9ation et les explorer progressivement.<\/span><\/li><li style=\"font-weight: 400;\" aria-level=\"1\"><span style=\"font-weight: 400;\">Exp\u00e9rimenter des techniques et mettre en lumi\u00e8re son style unique.<\/span><\/li><\/ul><p><span style=\"font-weight: 400;\">\ud83d\udd0e Comment ? Exercices pratiques, exploration des mat\u00e9riaux et partage d\u2019exp\u00e9riences avec le groupe.<\/span><\/p>\t\t\t\t\t\t\t\t<\/div>\n\t\t\t\t<\/div>\n\t\t\t\t\t<\/div>\n\t\t<\/div>\n\t\t\t\t\t<\/div>\n\t\t<\/section>\n\t\t\t\t\t<\/div>\n\t\t<\/div>\n\t\t\t\t\t<\/div>\n\t\t<\/section>\n\t\t\t\t<section class=\"elementor-section elementor-top-section elementor-element elementor-element-fe290e9 elementor-section-boxed elementor-section-height-default elementor-section-height-default\" data-id=\"fe290e9\" data-element_type=\"section\" data-e-type=\"section\">\n\t\t\t\t\t\t<div class=\"elementor-container elementor-column-gap-no\">\n\t\t\t\t\t<div class=\"elementor-column elementor-col-100 elementor-top-column elementor-element elementor-element-e7498a2\" data-id=\"e7498a2\" data-element_type=\"column\" data-e-type=\"column\">\n\t\t\t<div class=\"elementor-widget-wrap elementor-element-populated\">\n\t\t\t\t\t\t<section class=\"elementor-section elementor-inner-section elementor-element elementor-element-a864a96 elementor-section-boxed elementor-section-height-default elementor-section-height-default\" data-id=\"a864a96\" data-element_type=\"section\" data-e-type=\"section\">\n\t\t\t\t\t\t<div class=\"elementor-container elementor-column-gap-no\">\n\t\t\t\t\t<div class=\"elementor-column elementor-col-50 elementor-inner-column elementor-element elementor-element-9ba44fa\" data-id=\"9ba44fa\" data-element_type=\"column\" data-e-type=\"column\">\n\t\t\t<div class=\"elementor-widget-wrap elementor-element-populated\">\n\t\t\t\t\t\t<div class=\"elementor-element elementor-element-b5eb75a elementor-widget elementor-widget-heading\" data-id=\"b5eb75a\" data-element_type=\"widget\" data-e-type=\"widget\" data-widget_type=\"heading.default\">\n\t\t\t\t<div class=\"elementor-widget-container\">\n\t\t\t\t\t<h3 class=\"elementor-heading-title elementor-size-default\">\ud83c\udfa8 Atelier 1 \u2013 \"Se conna\u00eetre pour mieux exister\"<\/h3>\t\t\t\t<\/div>\n\t\t\t\t<\/div>\n\t\t\t\t<div class=\"elementor-element elementor-element-ce960b2 elementor-widget__width-initial elementor-widget elementor-widget-image\" data-id=\"ce960b2\" data-element_type=\"widget\" data-e-type=\"widget\" data-widget_type=\"image.default\">\n\t\t\t\t<div class=\"elementor-widget-container\">\n\t\t\t\t\t\t\t\t\t\t\t\t\t\t\t<img loading=\"lazy\" decoding=\"async\" width=\"539\" height=\"539\" src=\"https:\/\/fleursdefemmes.org\/wp-content\/uploads\/2025\/05\/Image12.jpg\" class=\"attachment-large size-large wp-image-275\" alt=\"\" srcset=\"https:\/\/fleursdefemmes.org\/wp-content\/uploads\/2025\/05\/Image12.jpg 539w, https:\/\/fleursdefemmes.org\/wp-content\/uploads\/2025\/05\/Image12-300x300.jpg 300w, https:\/\/fleursdefemmes.org\/wp-content\/uploads\/2025\/05\/Image12-150x150.jpg 150w, https:\/\/fleursdefemmes.org\/wp-content\/uploads\/2025\/05\/Image12-100x100.jpg 100w\" sizes=\"(max-width: 539px) 100vw, 539px\" \/>\t\t\t\t\t\t\t\t\t\t\t\t\t\t\t<\/div>\n\t\t\t\t<\/div>\n\t\t\t\t<div class=\"elementor-element elementor-element-10bf9eb elementor-widget__width-initial elementor-widget elementor-widget-image\" data-id=\"10bf9eb\" data-element_type=\"widget\" data-e-type=\"widget\" data-widget_type=\"image.default\">\n\t\t\t\t<div class=\"elementor-widget-container\">\n\t\t\t\t\t\t\t\t\t\t\t\t\t\t\t<img loading=\"lazy\" decoding=\"async\" width=\"537\" height=\"537\" src=\"https:\/\/fleursdefemmes.org\/wp-content\/uploads\/2025\/05\/Image11.jpg\" class=\"attachment-large size-large wp-image-276\" alt=\"\" srcset=\"https:\/\/fleursdefemmes.org\/wp-content\/uploads\/2025\/05\/Image11.jpg 537w, https:\/\/fleursdefemmes.org\/wp-content\/uploads\/2025\/05\/Image11-300x300.jpg 300w, https:\/\/fleursdefemmes.org\/wp-content\/uploads\/2025\/05\/Image11-150x150.jpg 150w, https:\/\/fleursdefemmes.org\/wp-content\/uploads\/2025\/05\/Image11-100x100.jpg 100w\" sizes=\"(max-width: 537px) 100vw, 537px\" \/>\t\t\t\t\t\t\t\t\t\t\t\t\t\t\t<\/div>\n\t\t\t\t<\/div>\n\t\t\t\t\t<\/div>\n\t\t<\/div>\n\t\t\t\t<div class=\"elementor-column elementor-col-50 elementor-inner-column elementor-element elementor-element-8866e25\" data-id=\"8866e25\" data-element_type=\"column\" data-e-type=\"column\">\n\t\t\t<div class=\"elementor-widget-wrap elementor-element-populated\">\n\t\t\t\t\t\t<div class=\"elementor-element elementor-element-fe63cec elementor-widget elementor-widget-text-editor\" data-id=\"fe63cec\" data-element_type=\"widget\" data-e-type=\"widget\" data-widget_type=\"text-editor.default\">\n\t\t\t\t<div class=\"elementor-widget-container\">\n\t\t\t\t\t\t\t\t\t<p><b>\u00a0<\/b><\/p><p><b><i>\ud83d\udcc5 <\/i><\/b><span style=\"font-weight: 400;\">Quand ? Samedi 19 avril, 14h30 &#8211; 17h30<\/span><\/p><p><span style=\"font-weight: 400;\">\ud83d\udca1 Objectifs :<\/span><\/p><ul><li style=\"font-weight: 400;\" aria-level=\"1\"><span style=\"font-weight: 400;\">D\u00e9couvrir sa cr\u00e9ativit\u00e9 et lever les blocages.<\/span><\/li><li style=\"font-weight: 400;\" aria-level=\"1\"><span style=\"font-weight: 400;\">Explorer son identit\u00e9 culturelle \u00e0 travers l\u2019art et l\u2019artisanat.<\/span><\/li><li style=\"font-weight: 400;\" aria-level=\"1\"><span style=\"font-weight: 400;\">Apprendre \u00e0 affiner son regard, \u00e9couter son ressenti.<\/span><\/li><li style=\"font-weight: 400;\" aria-level=\"1\"><span style=\"font-weight: 400;\">Faire le lien entre peur et cr\u00e9ativit\u00e9 pour mieux les surmonter.<\/span><\/li><li style=\"font-weight: 400;\" aria-level=\"1\"><span style=\"font-weight: 400;\">D\u00e9couvrir les diff\u00e9rentes formes de cr\u00e9ativit\u00e9 et faire le lien avec les m\u00e9tiers d\u2019art.<\/span><\/li><\/ul><p><span style=\"font-weight: 400;\">\ud83d\udd0e Comment ? Travail sur les sens, les souvenirs, les \u00e9motions et les influences culturelles.<\/span><\/p>\t\t\t\t\t\t\t\t<\/div>\n\t\t\t\t<\/div>\n\t\t\t\t\t<\/div>\n\t\t<\/div>\n\t\t\t\t\t<\/div>\n\t\t<\/section>\n\t\t\t\t\t<\/div>\n\t\t<\/div>\n\t\t\t\t\t<\/div>\n\t\t<\/section>\n\t\t\t\t<\/div>\n\t\t","protected":false},"excerpt":{"rendered":"<p>Nos \u00c9v\u00e8nements AU PROGRAMME : \ud83d\udce2 Atelier 3 \u2013 &#8220;Communiquer autour de son projet artistique\/entrepreneurial&#8221; \u00a0\ud83d\udcc5 Quand ? Samedi 14 juin, 14h30 &#8211; 17h30 \u00a0Objectifs : \u00ab Participation \u00e0 Marconi en F\u00eate \u00bb \u00a0 \u00a0 \u00a0 R\u00e9fl\u00e9chir \u00e0 l\u2019orientation de son projet : simple passion ou d\u00e9marche entrepreneuriale ? \u00a0 \u00a0 \u00a0 Assumer pleinement sa [&hellip;]<\/p>\n","protected":false},"author":1,"featured_media":0,"parent":0,"menu_order":0,"comment_status":"closed","ping_status":"closed","template":"","meta":{"footnotes":""},"class_list":["post-144","page","type-page","status-publish","hentry"],"_links":{"self":[{"href":"https:\/\/fleursdefemmes.org\/index.php\/wp-json\/wp\/v2\/pages\/144","targetHints":{"allow":["GET"]}}],"collection":[{"href":"https:\/\/fleursdefemmes.org\/index.php\/wp-json\/wp\/v2\/pages"}],"about":[{"href":"https:\/\/fleursdefemmes.org\/index.php\/wp-json\/wp\/v2\/types\/page"}],"author":[{"embeddable":true,"href":"https:\/\/fleursdefemmes.org\/index.php\/wp-json\/wp\/v2\/users\/1"}],"replies":[{"embeddable":true,"href":"https:\/\/fleursdefemmes.org\/index.php\/wp-json\/wp\/v2\/comments?post=144"}],"version-history":[{"count":49,"href":"https:\/\/fleursdefemmes.org\/index.php\/wp-json\/wp\/v2\/pages\/144\/revisions"}],"predecessor-version":[{"id":914,"href":"https:\/\/fleursdefemmes.org\/index.php\/wp-json\/wp\/v2\/pages\/144\/revisions\/914"}],"wp:attachment":[{"href":"https:\/\/fleursdefemmes.org\/index.php\/wp-json\/wp\/v2\/media?parent=144"}],"curies":[{"name":"wp","href":"https:\/\/api.w.org\/{rel}","templated":true}]}}