{"id":140,"date":"2025-03-03T11:58:21","date_gmt":"2025-03-03T11:58:21","guid":{"rendered":"https:\/\/fleursdefemmes.org\/?page_id=140"},"modified":"2025-07-07T09:23:01","modified_gmt":"2025-07-07T09:23:01","slug":"partenaires-en-afrique","status":"publish","type":"page","link":"https:\/\/fleursdefemmes.org\/index.php\/partenaires-en-afrique\/","title":{"rendered":"Partenaires en Afrique"},"content":{"rendered":"\t\t<div data-elementor-type=\"wp-page\" data-elementor-id=\"140\" class=\"elementor elementor-140\" data-elementor-post-type=\"page\">\n\t\t\t\t\t\t<section class=\"elementor-section elementor-top-section elementor-element elementor-element-3cc111c1 elementor-section-height-min-height elementor-section-boxed elementor-section-height-default elementor-section-items-middle\" data-id=\"3cc111c1\" data-element_type=\"section\" data-e-type=\"section\" data-settings=\"{&quot;background_background&quot;:&quot;classic&quot;}\">\n\t\t\t\t\t\t\t<div class=\"elementor-background-overlay\"><\/div>\n\t\t\t\t\t\t\t<div class=\"elementor-container elementor-column-gap-no\">\n\t\t\t\t\t<div class=\"elementor-column elementor-col-100 elementor-top-column elementor-element elementor-element-7c71b784\" data-id=\"7c71b784\" data-element_type=\"column\" data-e-type=\"column\" data-settings=\"{&quot;background_background&quot;:&quot;classic&quot;}\">\n\t\t\t<div class=\"elementor-widget-wrap elementor-element-populated\">\n\t\t\t\t\t\t\t<\/div>\n\t\t<\/div>\n\t\t\t\t\t<\/div>\n\t\t<\/section>\n\t\t\t\t<section class=\"elementor-section elementor-top-section elementor-element elementor-element-717d7b5 elementor-section-boxed elementor-section-height-default elementor-section-height-default\" data-id=\"717d7b5\" data-element_type=\"section\" data-e-type=\"section\" data-settings=\"{&quot;background_background&quot;:&quot;classic&quot;}\">\n\t\t\t\t\t\t<div class=\"elementor-container elementor-column-gap-no\">\n\t\t\t\t\t<div class=\"elementor-column elementor-col-100 elementor-top-column elementor-element elementor-element-ce8c441\" data-id=\"ce8c441\" data-element_type=\"column\" data-e-type=\"column\">\n\t\t\t<div class=\"elementor-widget-wrap elementor-element-populated\">\n\t\t\t\t\t\t<div class=\"elementor-element elementor-element-378bb51 elementor-widget elementor-widget-heading\" data-id=\"378bb51\" data-element_type=\"widget\" data-e-type=\"widget\" data-widget_type=\"heading.default\">\n\t\t\t\t<div class=\"elementor-widget-container\">\n\t\t\t\t\t<h3 class=\"elementor-heading-title elementor-size-default\">Nos Partenaires<\/h3>\t\t\t\t<\/div>\n\t\t\t\t<\/div>\n\t\t\t\t<div class=\"elementor-element elementor-element-589383a elementor-widget elementor-widget-image-carousel\" data-id=\"589383a\" data-element_type=\"widget\" data-e-type=\"widget\" data-settings=\"{&quot;slides_to_show&quot;:&quot;1&quot;,&quot;navigation&quot;:&quot;none&quot;,&quot;slides_to_show_tablet&quot;:&quot;3&quot;,&quot;slides_to_show_mobile&quot;:&quot;2&quot;,&quot;autoplay&quot;:&quot;yes&quot;,&quot;pause_on_hover&quot;:&quot;yes&quot;,&quot;pause_on_interaction&quot;:&quot;yes&quot;,&quot;autoplay_speed&quot;:5000,&quot;infinite&quot;:&quot;yes&quot;,&quot;effect&quot;:&quot;slide&quot;,&quot;speed&quot;:500}\" data-widget_type=\"image-carousel.default\">\n\t\t\t\t<div class=\"elementor-widget-container\">\n\t\t\t\t\t\t\t<div class=\"elementor-image-carousel-wrapper swiper\" role=\"region\" aria-roledescription=\"carousel\" aria-label=\"Image Carousel\" dir=\"ltr\">\n\t\t\t<div class=\"elementor-image-carousel swiper-wrapper\" aria-live=\"off\">\n\t\t\t\t\t\t\t\t<div class=\"swiper-slide\" role=\"group\" aria-roledescription=\"slide\" aria-label=\"1 of 1\"><figure class=\"swiper-slide-inner\"><img decoding=\"async\" class=\"swiper-slide-image\" src=\"https:\/\/fleursdefemmes.org\/wp-content\/uploads\/2025\/06\/Jeunesse-Humanitaire-du-Congo-300x279.jpg\" alt=\"Jeunesse Humanitaire du Congo\" \/><\/figure><\/div>\t\t\t<\/div>\n\t\t\t\t\t<\/div>\n\t\t\t\t\t\t<\/div>\n\t\t\t\t<\/div>\n\t\t\t\t\t<\/div>\n\t\t<\/div>\n\t\t\t\t\t<\/div>\n\t\t<\/section>\n\t\t\t\t<section class=\"elementor-section elementor-top-section elementor-element elementor-element-787642b0 elementor-section-boxed elementor-section-height-default elementor-section-height-default\" data-id=\"787642b0\" data-element_type=\"section\" data-e-type=\"section\">\n\t\t\t\t\t\t<div class=\"elementor-container elementor-column-gap-no\">\n\t\t\t\t\t<div class=\"elementor-column elementor-col-100 elementor-top-column elementor-element elementor-element-5b04c0dc\" data-id=\"5b04c0dc\" data-element_type=\"column\" data-e-type=\"column\">\n\t\t\t<div class=\"elementor-widget-wrap elementor-element-populated\">\n\t\t\t\t\t\t<section class=\"elementor-section elementor-inner-section elementor-element elementor-element-5e6464e0 elementor-section-boxed elementor-section-height-default elementor-section-height-default\" data-id=\"5e6464e0\" data-element_type=\"section\" data-e-type=\"section\">\n\t\t\t\t\t\t<div class=\"elementor-container elementor-column-gap-no\">\n\t\t\t\t\t<div class=\"elementor-column elementor-col-50 elementor-inner-column elementor-element elementor-element-7787f2de\" data-id=\"7787f2de\" data-element_type=\"column\" data-e-type=\"column\">\n\t\t\t<div class=\"elementor-widget-wrap elementor-element-populated\">\n\t\t\t\t\t\t<div class=\"elementor-element elementor-element-14e029b elementor-widget elementor-widget-heading\" data-id=\"14e029b\" data-element_type=\"widget\" data-e-type=\"widget\" data-widget_type=\"heading.default\">\n\t\t\t\t<div class=\"elementor-widget-container\">\n\t\t\t\t\t<h3 class=\"elementor-heading-title elementor-size-default\">Partenariat avec l\u2019ONG Jeunesse Humanitaire du Congo, Brazzaville.\n<\/h3>\t\t\t\t<\/div>\n\t\t\t\t<\/div>\n\t\t\t\t\t<\/div>\n\t\t<\/div>\n\t\t\t\t<div class=\"elementor-column elementor-col-50 elementor-inner-column elementor-element elementor-element-5bdd1a55\" data-id=\"5bdd1a55\" data-element_type=\"column\" data-e-type=\"column\">\n\t\t\t<div class=\"elementor-widget-wrap elementor-element-populated\">\n\t\t\t\t\t\t<div class=\"elementor-element elementor-element-51105a2a elementor-widget elementor-widget-text-editor\" data-id=\"51105a2a\" data-element_type=\"widget\" data-e-type=\"widget\" data-widget_type=\"text-editor.default\">\n\t\t\t\t<div class=\"elementor-widget-container\">\n\t\t\t\t\t\t\t\t\t<p>1-Jeunesse Humanitaire du Congo recherche premi\u00e8rement l&#8217;\u00e9panouissement harmonieux<br \/>de la personnalit\u00e9 de l&#8217;enfant et l&#8217;adulte dans son environnement imm\u00e9diat, dans un climat<br \/>de paix, de bonheur, d&#8217;amour et de compr\u00e9hension. Pour ce faire elle doit :<br \/>\u25aa Vulgariser et prot\u00e9ger les droits de l&#8217;enfant et l&#8217;adulte d\u00e9favoris\u00e9<br \/>\u25aaPlaider les actes de violences \u00e0 l&#8217;\u00e9gard des enfants et des adultes<br \/>\u25aa Faire l&#8217;assistance \u00e0 domicile aux enfants et aux adultes en situation d&#8217;extr\u00eame pauvret\u00e9<br \/>afin d&#8217;\u00e9viter l&#8217;\u00e9volution du ph\u00e9nom\u00e8ne &#8220;Enfant de la rue&#8221; et &#8220;d\u00e9linquance juv\u00e9nile&#8221;<br \/>\u25aaFaire la r\u00e9insertion ou r\u00e9unification familiale des enfants de la rue et enfants perdus<br \/>\u25aaSoutenir et assister les enfants et personnes de 3 i\u00e8me \u00e2ge non accompagn\u00e9s en cas de<br \/>conflit (r\u00e9fugi\u00e9);<br \/>\u25aaLutter contre l&#8217;alcoolisme, le tabagisme et drogue cause du ph\u00e9nom\u00e8ne &#8220;Enfant de la rue&#8221;;<br \/>\u25aaCr\u00e9er des projets s\u0153ur et \u00e9conomiques pour soutenir l&#8217;action et r\u00e9ins\u00e9rer les jeunes dans<br \/>des activit\u00e9s professionnelles : Agricole, Agro Pastorale et Foresti\u00e8re ;<br \/>\u25aaOrganiser des conf\u00e9rences ; s\u00e9minaires de formation dans le cadre humanitaire,<br \/>professionnel, socio-\u00e9conomique.<br \/>\u25aaPromouvoir la r\u00e9insertion socioprofessionnelle des jeunes ;<br \/>\u25aaLutter contre le ch\u00f4mage et l&#8217;exode rural ;<br \/>\u25aa\u0152uvrer pour la paix mondiale ;<br \/>\u25aaAide les pouvoirs publics morale et mat\u00e9rielle de la nation ;<br \/>\u25aaParticiper \u00e0 la reconstruction morale et mat\u00e9rielle de la nation ;<br \/>\u25aaConsolider l&#8217;unit\u00e9 nationale et reconstruction ;<br \/>2- Vulgariser et prot\u00e9ger les droits de l&#8217;Homme : Assistance aux personnes \u00e2g\u00e9es<br \/>maltrait\u00e9es et abandonn\u00e9es.<\/p>\t\t\t\t\t\t\t\t<\/div>\n\t\t\t\t<\/div>\n\t\t\t\t\t<\/div>\n\t\t<\/div>\n\t\t\t\t\t<\/div>\n\t\t<\/section>\n\t\t\t\t\t<\/div>\n\t\t<\/div>\n\t\t\t\t\t<\/div>\n\t\t<\/section>\n\t\t\t\t<\/div>\n\t\t","protected":false},"excerpt":{"rendered":"<p>Nos Partenaires Partenariat avec l\u2019ONG Jeunesse Humanitaire du Congo, Brazzaville. 1-Jeunesse Humanitaire du Congo recherche premi\u00e8rement l&#8217;\u00e9panouissement harmonieuxde la personnalit\u00e9 de l&#8217;enfant et l&#8217;adulte dans son environnement imm\u00e9diat, dans un climatde paix, de bonheur, d&#8217;amour et de compr\u00e9hension. Pour ce faire elle doit :\u25aa Vulgariser et prot\u00e9ger les droits de l&#8217;enfant et l&#8217;adulte d\u00e9favoris\u00e9\u25aaPlaider les [&hellip;]<\/p>\n","protected":false},"author":1,"featured_media":0,"parent":0,"menu_order":0,"comment_status":"closed","ping_status":"closed","template":"","meta":{"footnotes":""},"class_list":["post-140","page","type-page","status-publish","hentry"],"_links":{"self":[{"href":"https:\/\/fleursdefemmes.org\/index.php\/wp-json\/wp\/v2\/pages\/140","targetHints":{"allow":["GET"]}}],"collection":[{"href":"https:\/\/fleursdefemmes.org\/index.php\/wp-json\/wp\/v2\/pages"}],"about":[{"href":"https:\/\/fleursdefemmes.org\/index.php\/wp-json\/wp\/v2\/types\/page"}],"author":[{"embeddable":true,"href":"https:\/\/fleursdefemmes.org\/index.php\/wp-json\/wp\/v2\/users\/1"}],"replies":[{"embeddable":true,"href":"https:\/\/fleursdefemmes.org\/index.php\/wp-json\/wp\/v2\/comments?post=140"}],"version-history":[{"count":22,"href":"https:\/\/fleursdefemmes.org\/index.php\/wp-json\/wp\/v2\/pages\/140\/revisions"}],"predecessor-version":[{"id":837,"href":"https:\/\/fleursdefemmes.org\/index.php\/wp-json\/wp\/v2\/pages\/140\/revisions\/837"}],"wp:attachment":[{"href":"https:\/\/fleursdefemmes.org\/index.php\/wp-json\/wp\/v2\/media?parent=140"}],"curies":[{"name":"wp","href":"https:\/\/api.w.org\/{rel}","templated":true}]}}